e 2911?
True
Does 26 divide 3693?
False
Does 19 divide 395?
False
Does 50 divide 2327?
False
Does 204 divide 94452?
True
Does 3 divide 589?
False
Is 5721 a multiple of 3?
True
Is 81 a factor of 5141?
False
Is 34049 a multiple of 163?
False
Is 552 a multiple of 8?
True
Does 27 divide 156?
False
Is 51 a factor of 68200?
False
Is 27 a factor of 3213?
True
Does 37 divide 404?
False
Is 27 a factor of 2295?
True
Does 15 divide 154?
False
Is 25769 a multiple of 23?
False
Is 8 a factor of 872?
True
Does 10 divide 70?
True
Is 5895 a multiple of 8?
False
Is 3231 a multiple of 19?
False
Does 22 divide 206?
False
Does 30 divide 262?
False
Is 857 a multiple of 3?
False
Does 10 divide 33144?
False
Is 48 a factor of 2283?
False
Does 76 divide 3868?
False
Is 6 a factor of 1024?
False
Is 4 a factor of 1445?
False
Is 11 a factor of 1709?
False
Is 75 a factor of 3386?
False
Does 15 divide 5394?
False
Is 2852 a multiple of 31?
True
Does 4 divide 226?
False
Is 3 a factor of 89?
False
Does 250 divide 24750?
True
Is 14 a factor of 4256?
True
Is 1188 a multiple of 33?
True
Does 24 divide 30432?
True
Is 3 a factor of 387?
True
Is 6 a factor of 46?
False
Is 15998 a multiple of 138?
False
Is 14 a factor of 18187?
False
Is 10 a factor of 858?
False
Does 90 divide 7087?
False
Does 28 divide 560?
True
Does 38 divide 2774?
True
Is 2608 even?
True
Does 10 divide 75080?
True
Is 395 a factor of 38770?
False
Does 153 divide 49266?
True
Is 382 a multiple of 22?
False
Does 27 divide 5982?
False
Is 945 a multiple of 27?
True
Does 57 divide 4829?
False
Is 136 a factor of 5496?
False
Is 246 a factor of 15498?
True
Is 19 a factor of 10925?
True
Is 29 a factor of 87?
True
Is 10598 a multiple of 7?
True
Does 13 divide 420?
False
Is 3654 a multiple of 42?
True
Does 10 divide 5571?
False
Does 2 divide 5?
False
Is 8904 a multiple of 120?
False
Is 6112 a multiple of 32?
True
Is 12930 a multiple of 25?
False
Does 73 divide 5767?
True
Is 82 a multiple of 41?
True
Is 22161 a multiple of 267?
True
Is 7476 a multiple of 14?
True
Does 33 divide 693?
True
Is 4 a factor of 460?
True
Is 6 a factor of 8773?
False
Is 3150 a multiple of 35?
True
Is 22 a factor of 467?
False
Is 187 a factor of 66385?
True
Is 80 a factor of 7360?
True
Does 50 divide 8145?
False
Does 16 divide 1088?
True
Is 24 a factor of 539?
False
Does 335 divide 105036?
False
Is 64 a factor of 29241?
False
Does 20 divide 40120?
True
Is 15 a factor of 1804?
False
Is 65 a factor of 3323?
False
Is 23612 a multiple of 299?
False
Is 37 a factor of 7440?
False
Is 26958 a multiple of 13?
False
Does 9 divide 2970?
True
Is 684 a multiple of 18?
True
Does 13 divide 47573?
False
Is 43 a factor of 59641?
True
Is 15 a factor of 1342?
False
Does 17 divide 11730?
True
Is 41 a factor of 1435?
True
Is 10 a factor of 894?
False
Is 29 a factor of 7598?
True
Is 2218 a multiple of 92?
False
Does 6 divide 60?
True
Does 4 divide 141?
False
Is 43 a factor of 270?
False
Is 34 a factor of 1802?
True
Is 99 a factor of 4752?
True
Does 53 divide 3074?
True
Is 14 a factor of 17864?
True
Is 3376 a multiple of 88?
False
Does 79 divide 3950?
True
Does 13 divide 3440?
False
Does 63 divide 60359?
False
Is 13 a factor of 1352?
True
Is 10670 a multiple of 55?
True
Does 39 divide 77461?
False
Does 102 divide 1530?
True
Is 1104 a multiple of 48?
True
Is 1792 a multiple of 71?
False
Does 25 divide 225?
True
Is 137826 a multiple of 13?
True
Is 6607 a multiple of 13?
False
Is 19000 a multiple of 19?
True
Does 16 divide 3447?
False
Is 2245 a multiple of 8?
False
Does 9 divide 711?
True
Is 5 a factor of 95?
True
Does 90 divide 1402?
False
Is 81 a factor of 21549?
False
Is 12820 a multiple of 20?
True
Is 8896 a multiple of 32?
True
Does 12 divide 312?
True
Does 12 divide 96?
True
Is 100 a factor of 14500?
True
Is 20893 a multiple of 172?
False
Is 28786 a multiple of 159?
False
Is 550 a multiple of 11?
True
Does 5 divide 1529?
False
Is 148494 a multiple of 17?
False
Is 14 a factor of 238?
True
Does 84 divide 33235?
False
Does 7 divide 943?
False
Is 3 a factor of 261?
True
Does 41 divide 41?
True
Is 3 a factor of 293?
False
Is 5267 a multiple of 23?
True
Is 16 a factor of 4144?
True
Does 19 divide 82?
False
Is 49329 a multiple of 7?
True
Is 1807 a multiple of 29?
False
Is 6042 a multiple of 38?
True
Is 2347 a multiple of 18?
False
Does 16 divide 1854?
False
Is 4158 a multiple of 6?
True
Is 12675 a multiple of 85?
False
Is 6 a factor of 1458?
True
Is 4632 a multiple of 3?
True
Does 47 divide 406?
False
Is 32 a factor of 1945?
False
Is 66 a factor of 20460?
True
Does 3 divide 35714?
False
Does 21 divide 52710?
True
Does 50 divide 6650?
True
Does 33 divide 211?
False
Does 12 divide 10284?
True
Does 112 divide 4928?
True
Is 651 a multiple of 21?
True
Is 4563 a multiple of 20?
False
Is 5 a factor of 502?
False
Does 13 divide 1336?
False
Is 10 a factor of 3976?
False
Does 44 divide 10769?
False
Is 25 a factor of 6062?
False
Is 1950 a multiple of 3?
True
Is 11 a factor of 305?
False
Is 161 a factor of 3703?
True
Is 129 a factor of 37668?
True
Does 15 divide 1956?
False
Does 12 divide 6026?
False
Is 526 a multiple of 3?
False
Is 9203 a multiple of 32?
False
Does 18 divide 588?
False
Does 29 divide 261?
True
Is 363 a multiple of 3?
True
Is 227 a multiple of 7?
False
Is 52624 a multiple of 176?
True
Does 8 divide 26640?
True
Does 2 divide 121?
False
Is 421 a factor of 118739?
False
Does 18 divide 3636?
True
Is 7462 a multiple of 14?
True
Is 54 a factor of 1278?
False
Is 10 a factor of 319?
False
Is 320 a factor of 960?
True
Is 14 a factor of 2114?
True
Does 18 divide 7405?
False
Is 300 a multiple of 10?
True
Is 8 a factor of 36115?
False
Is 924 a multiple of 12?
True
Does 123 divide 16359?
True
Is 30 a factor of 120?
True
Is 9082 a multiple of 125?
False
Is 34 a factor of 1598?
True
Does 52 divide 77721?
False
Is 81581 a multiple of 53?
False
Is 67 a multiple of 11?
False
Does 14 divide 532?
True
Does 4 divide 805?
False
Does 34 divide 58344?
True
Does 17 divide 456?
False
Is 56 a factor of 1114?
False
Does 26 divide 867?
False
Is 59 a factor of 531?
True
Does 3 divide 9339?
True
Is 14 a factor of 265?
False
Does 18 divide 70956?
True
Does 35 divide 10570?
True
Does 134 divide 3692?
False
Does 17 divide 35614?
False
Is 32809 a multiple of 109?
True
Is 45 a factor of 315?
True
Is 1364 a multiple of 22?
True
Is 31 a factor of 1023?
True
Is 914 a multiple of 20?
False
Is 8516 a multiple of 65?
False
Is 11 a factor of 393?
False
Is 2368 a multiple of 32?
True
Is 4 a factor of 119?
False
Does 12 divide 2808?
True
Does 5 divide 1095?
True
Does 12 divide 681?
False
Is 1638 a multiple of 13?
True
Does 2 divide 983?
False
Is 2088 a multiple of 58?
True
Is 35317 a multiple of 7?
False
Does 80 divide 11040?
True
Is 352 a factor of 76196?
False
Is 17169 a multiple of 17?
False
Is 49 a factor of 1421?
True
Is 2517 a multiple of 32?
False
Is 265 a multiple of 53?
True
Is 77 a factor of 3388?
True
Is 712 a multiple of 17?
False
Does 49 divide 1619?
False
Is 8 a factor of 592?
True
Does 16 divide 688?
True
Does 26 divide 780?
True
Does 22 divide 286?
True
Is 52 a factor of 170?
False
Is 21 a factor of 1302?
True
Does 115 divide 24801?
False
Is 1320 a multiple of 170?
False
Is 43 a factor of 1032?
True
Does 18 divide 269?
False
Does 48 divide 2688?
True
Does 14 divide 1820?
True
Does 9 divide 30066?
False
Is 11 a factor of 318?
False
Does 38 divide 342?
True
Is 52 a factor of 9620?
True
Is 51772 a multiple of 301?
True
Is 69 a factor of 11316?
True
Is 20366 a multiple of 4?
False
Is 8423 a multiple of 19?
False
Does 16 divide 60144?
True
Is 51 a factor of 306?
True
Is 54 a factor of 827?
False
Is 223 a factor of 1115?
True
Is 6 a factor of 2061?
False
Is 35290 a multiple of 203?
False
Does 42 divide 80?
False
Is 22 a factor of 11859?
False
Does 41 divide 6396?
True
Is 34 a factor of 1598?
True
Does 7 divide 105?
True
Is 213 a factor of 48351?
True
Is 5049 a multiple of 4?
False
Is 10 a factor of 910?
True
Is 1589 a multiple of 3?
False
Is 21751 a multiple of 257?
False
Does 10 divide 295?
False
Is 218 a factor of 1744?
True
Is 34 a factor of 1088?
True
Is 9 a factor of 48069?
True
Does 242 divide 12342?
True
Is 4756 a multiple of 7?
False
Is 5 a factor of 9?
False
Does 24 divide 331?
False
Is 1323 a mu